{"id":26,"date":"2022-04-06T11:32:18","date_gmt":"2022-04-06T11:32:18","guid":{"rendered":"https:\/\/bspfrances.com.ar\/sitio\/?page_id=26"},"modified":"2022-04-26T12:29:10","modified_gmt":"2022-04-26T12:29:10","slug":"objetivos","status":"publish","type":"page","link":"https:\/\/bspfrances.com.ar\/sitio\/index.php\/objetivos\/","title":{"rendered":"Objetivos"},"content":{"rendered":"\n<figure class=\"wp-block-image size-large\"><img decoding=\"async\" loading=\"lazy\" width=\"1024\" height=\"576\" src=\"https:\/\/bspfrances.com.ar\/sitio\/wp-content\/uploads\/2022\/04\/arc-de-triomphe-place-charles-de-gaulle-paris-france-besthqwallpapers.com-1600x900-1-1024x576.jpg\" alt=\"\" class=\"wp-image-48\" srcset=\"https:\/\/bspfrances.com.ar\/sitio\/wp-content\/uploads\/2022\/04\/arc-de-triomphe-place-charles-de-gaulle-paris-france-besthqwallpapers.com-1600x900-1-1024x576.jpg 1024w, https:\/\/bspfrances.com.ar\/sitio\/wp-content\/uploads\/2022\/04\/arc-de-triomphe-place-charles-de-gaulle-paris-france-besthqwallpapers.com-1600x900-1-300x169.jpg 300w, https:\/\/bspfrances.com.ar\/sitio\/wp-content\/uploads\/2022\/04\/arc-de-triomphe-place-charles-de-gaulle-paris-france-besthqwallpapers.com-1600x900-1-768x432.jpg 768w, https:\/\/bspfrances.com.ar\/sitio\/wp-content\/uploads\/2022\/04\/arc-de-triomphe-place-charles-de-gaulle-paris-france-besthqwallpapers.com-1600x900-1-1536x864.jpg 1536w, https:\/\/bspfrances.com.ar\/sitio\/wp-content\/uploads\/2022\/04\/arc-de-triomphe-place-charles-de-gaulle-paris-france-besthqwallpapers.com-1600x900-1-320x180.jpg 320w, https:\/\/bspfrances.com.ar\/sitio\/wp-content\/uploads\/2022\/04\/arc-de-triomphe-place-charles-de-gaulle-paris-france-besthqwallpapers.com-1600x900-1.jpg 1600w\" sizes=\"(max-width: 1024px) 100vw, 1024px\" \/><\/figure>\n\n\n\n<p>OBJETIVOS PEDAG\u00d3GICOS:<\/p>\n\n\n\n<ul><li>Adquirir competencia de comunicaci\u00f3n general: comprensi\u00f3n oral, comprensi\u00f3n escrita, expresi\u00f3n oral, expresi\u00f3n escrita.<\/li><\/ul>\n\n\n\n<ul><li>Conocer la civilizaci\u00f3n.<\/li><\/ul>\n\n\n\n<ul><li>Lograr datos para la formaci\u00f3n o la evoluci\u00f3n profesional en cada especialidad.<\/li><\/ul>\n\n\n\n<ul><li>Entrenar en el enfrentamiento con situaciones laborales, profesionales corrientes.<\/li><\/ul>\n\n\n\n<ul><li>Introducir en las realidades culturales, sociales, administrativas del mundo franc\u00e9s de los negocios.<\/li><\/ul>\n\n\n\n<ul><li>Habituar a condiciones de comunicaci\u00f3n profesional, oral y escrita.<\/li><\/ul>\n\n\n\n<ul><li>Emplear correctamente la pronunciaci\u00f3n, ritmo y acento propio de la lengua.<\/li><\/ul>\n\n\n\n<ul><li>Capacitar en la proporci\u00f3n y presentaci\u00f3n de trabajos orales y escritos.<\/li><\/ul>\n","protected":false},"excerpt":{"rendered":"<p>OBJETIVOS PEDAG\u00d3GICOS: Adquirir competencia de comunicaci\u00f3n general: comprensi\u00f3n oral, comprensi\u00f3n escrita, expresi\u00f3n oral, expresi\u00f3n escrita. Conocer la civilizaci\u00f3n. Lograr datos para la formaci\u00f3n o la evoluci\u00f3n profesional en cada especialidad. Entrenar en el enfrentamiento con situaciones laborales, profesionales corrientes. Introducir en las realidades culturales, sociales, administrativas del mundo franc\u00e9s de los negocios. Habituar a condiciones [&hellip;]<\/p>\n","protected":false},"author":1,"featured_media":0,"parent":0,"menu_order":0,"comment_status":"closed","ping_status":"closed","template":"","meta":[],"yoast_head":"<!-- This site is optimized with the Yoast SEO plugin v19.11 - https:\/\/yoast.com\/wordpress\/plugins\/seo\/ -->\n<title>Objetivos - B. S. P. Franc\u00e9s<\/title>\n<meta name=\"robots\" content=\"index, follow, max-snippet:-1, max-image-preview:large, max-video-preview:-1\" \/>\n<link rel=\"canonical\" href=\"https:\/\/bspfrances.com.ar\/sitio\/index.php\/objetivos\/\" \/>\n<meta property=\"og:locale\" content=\"es_ES\" \/>\n<meta property=\"og:type\" content=\"article\" \/>\n<meta property=\"og:title\" content=\"Objetivos - B. S. P. Franc\u00e9s\" \/>\n<meta property=\"og:description\" content=\"OBJETIVOS PEDAG\u00d3GICOS: Adquirir competencia de comunicaci\u00f3n general: comprensi\u00f3n oral, comprensi\u00f3n escrita, expresi\u00f3n oral, expresi\u00f3n escrita. Conocer la civilizaci\u00f3n. Lograr datos para la formaci\u00f3n o la evoluci\u00f3n profesional en cada especialidad. Entrenar en el enfrentamiento con situaciones laborales, profesionales corrientes. Introducir en las realidades culturales, sociales, administrativas del mundo franc\u00e9s de los negocios. Habituar a condiciones [&hellip;]\" \/>\n<meta property=\"og:url\" content=\"https:\/\/bspfrances.com.ar\/sitio\/index.php\/objetivos\/\" \/>\n<meta property=\"og:site_name\" content=\"B. S. P. Franc\u00e9s\" \/>\n<meta property=\"article:modified_time\" content=\"2022-04-26T12:29:10+00:00\" \/>\n<meta property=\"og:image\" content=\"https:\/\/bspfrances.com.ar\/sitio\/wp-content\/uploads\/2022\/04\/arc-de-triomphe-place-charles-de-gaulle-paris-france-besthqwallpapers.com-1600x900-1-1024x576.jpg\" \/>\n<meta name=\"twitter:card\" content=\"summary_large_image\" \/>\n<meta name=\"twitter:label1\" content=\"Tiempo de lectura\" \/>\n\t<meta name=\"twitter:data1\" content=\"1 minuto\" \/>\n<script type=\"application\/ld+json\" class=\"yoast-schema-graph\">{\"@context\":\"https:\/\/schema.org\",\"@graph\":[{\"@type\":\"WebPage\",\"@id\":\"https:\/\/bspfrances.com.ar\/sitio\/index.php\/objetivos\/\",\"url\":\"https:\/\/bspfrances.com.ar\/sitio\/index.php\/objetivos\/\",\"name\":\"Objetivos - B. S. P. Franc\u00e9s\",\"isPartOf\":{\"@id\":\"https:\/\/bspfrances.com.ar\/sitio\/#website\"},\"datePublished\":\"2022-04-06T11:32:18+00:00\",\"dateModified\":\"2022-04-26T12:29:10+00:00\",\"breadcrumb\":{\"@id\":\"https:\/\/bspfrances.com.ar\/sitio\/index.php\/objetivos\/#breadcrumb\"},\"inLanguage\":\"es\",\"potentialAction\":[{\"@type\":\"ReadAction\",\"target\":[\"https:\/\/bspfrances.com.ar\/sitio\/index.php\/objetivos\/\"]}]},{\"@type\":\"BreadcrumbList\",\"@id\":\"https:\/\/bspfrances.com.ar\/sitio\/index.php\/objetivos\/#breadcrumb\",\"itemListElement\":[{\"@type\":\"ListItem\",\"position\":1,\"name\":\"Portada\",\"item\":\"https:\/\/bspfrances.com.ar\/sitio\/\"},{\"@type\":\"ListItem\",\"position\":2,\"name\":\"Objetivos\"}]},{\"@type\":\"WebSite\",\"@id\":\"https:\/\/bspfrances.com.ar\/sitio\/#website\",\"url\":\"https:\/\/bspfrances.com.ar\/sitio\/\",\"name\":\"B. S. P. Franc\u00e9s\",\"description\":\"Aprenda Fanc\u00e9s Online\",\"potentialAction\":[{\"@type\":\"SearchAction\",\"target\":{\"@type\":\"EntryPoint\",\"urlTemplate\":\"https:\/\/bspfrances.com.ar\/sitio\/?s={search_term_string}\"},\"query-input\":\"required name=search_term_string\"}],\"inLanguage\":\"es\"}]}<\/script>\n<!-- \/ Yoast SEO plugin. -->","yoast_head_json":{"title":"Objetivos - B. S. P. Franc\u00e9s","robots":{"index":"index","follow":"follow","max-snippet":"max-snippet:-1","max-image-preview":"max-image-preview:large","max-video-preview":"max-video-preview:-1"},"canonical":"https:\/\/bspfrances.com.ar\/sitio\/index.php\/objetivos\/","og_locale":"es_ES","og_type":"article","og_title":"Objetivos - B. S. P. Franc\u00e9s","og_description":"OBJETIVOS PEDAG\u00d3GICOS: Adquirir competencia de comunicaci\u00f3n general: comprensi\u00f3n oral, comprensi\u00f3n escrita, expresi\u00f3n oral, expresi\u00f3n escrita. Conocer la civilizaci\u00f3n. Lograr datos para la formaci\u00f3n o la evoluci\u00f3n profesional en cada especialidad. Entrenar en el enfrentamiento con situaciones laborales, profesionales corrientes. Introducir en las realidades culturales, sociales, administrativas del mundo franc\u00e9s de los negocios. Habituar a condiciones [&hellip;]","og_url":"https:\/\/bspfrances.com.ar\/sitio\/index.php\/objetivos\/","og_site_name":"B. S. P. Franc\u00e9s","article_modified_time":"2022-04-26T12:29:10+00:00","og_image":[{"url":"https:\/\/bspfrances.com.ar\/sitio\/wp-content\/uploads\/2022\/04\/arc-de-triomphe-place-charles-de-gaulle-paris-france-besthqwallpapers.com-1600x900-1-1024x576.jpg"}],"twitter_card":"summary_large_image","twitter_misc":{"Tiempo de lectura":"1 minuto"},"schema":{"@context":"https:\/\/schema.org","@graph":[{"@type":"WebPage","@id":"https:\/\/bspfrances.com.ar\/sitio\/index.php\/objetivos\/","url":"https:\/\/bspfrances.com.ar\/sitio\/index.php\/objetivos\/","name":"Objetivos - B. S. P. Franc\u00e9s","isPartOf":{"@id":"https:\/\/bspfrances.com.ar\/sitio\/#website"},"datePublished":"2022-04-06T11:32:18+00:00","dateModified":"2022-04-26T12:29:10+00:00","breadcrumb":{"@id":"https:\/\/bspfrances.com.ar\/sitio\/index.php\/objetivos\/#breadcrumb"},"inLanguage":"es","potentialAction":[{"@type":"ReadAction","target":["https:\/\/bspfrances.com.ar\/sitio\/index.php\/objetivos\/"]}]},{"@type":"BreadcrumbList","@id":"https:\/\/bspfrances.com.ar\/sitio\/index.php\/objetivos\/#breadcrumb","itemListElement":[{"@type":"ListItem","position":1,"name":"Portada","item":"https:\/\/bspfrances.com.ar\/sitio\/"},{"@type":"ListItem","position":2,"name":"Objetivos"}]},{"@type":"WebSite","@id":"https:\/\/bspfrances.com.ar\/sitio\/#website","url":"https:\/\/bspfrances.com.ar\/sitio\/","name":"B. S. P. Franc\u00e9s","description":"Aprenda Fanc\u00e9s Online","potentialAction":[{"@type":"SearchAction","target":{"@type":"EntryPoint","urlTemplate":"https:\/\/bspfrances.com.ar\/sitio\/?s={search_term_string}"},"query-input":"required name=search_term_string"}],"inLanguage":"es"}]}},"_links":{"self":[{"href":"https:\/\/bspfrances.com.ar\/sitio\/index.php\/wp-json\/wp\/v2\/pages\/26"}],"collection":[{"href":"https:\/\/bspfrances.com.ar\/sitio\/index.php\/wp-json\/wp\/v2\/pages"}],"about":[{"href":"https:\/\/bspfrances.com.ar\/sitio\/index.php\/wp-json\/wp\/v2\/types\/page"}],"author":[{"embeddable":true,"href":"https:\/\/bspfrances.com.ar\/sitio\/index.php\/wp-json\/wp\/v2\/users\/1"}],"replies":[{"embeddable":true,"href":"https:\/\/bspfrances.com.ar\/sitio\/index.php\/wp-json\/wp\/v2\/comments?post=26"}],"version-history":[{"count":4,"href":"https:\/\/bspfrances.com.ar\/sitio\/index.php\/wp-json\/wp\/v2\/pages\/26\/revisions"}],"predecessor-version":[{"id":111,"href":"https:\/\/bspfrances.com.ar\/sitio\/index.php\/wp-json\/wp\/v2\/pages\/26\/revisions\/111"}],"wp:attachment":[{"href":"https:\/\/bspfrances.com.ar\/sitio\/index.php\/wp-json\/wp\/v2\/media?parent=26"}],"curies":[{"name":"wp","href":"https:\/\/api.w.org\/{rel}","templated":true}]}}