{"id":2,"date":"2022-04-06T10:20:36","date_gmt":"2022-04-06T10:20:36","guid":{"rendered":"https:\/\/bspfrances.com.ar\/sitio\/?page_id=2"},"modified":"2022-04-27T12:44:19","modified_gmt":"2022-04-27T12:44:19","slug":"sample-page","status":"publish","type":"page","link":"https:\/\/bspfrances.com.ar\/sitio\/","title":{"rendered":"FRANC\u00c9S"},"content":{"rendered":"\n<figure class=\"wp-block-table aligncenter\"><table><tbody><tr><td><img decoding=\"async\" src=\"https:\/\/bspfrances.com.ar\/sitio\/wp-content\/uploads\/2022\/04\/torreeiffel.jpg\" alt=\"\"><\/td><td><br><strong>Capacitaci\u00f3n pr\u00e1ctica:<\/strong><br><br>- Capacitaci\u00f3n por turismo, beca, actividad laboral, profesional.\u00a0<br>- Conversaci\u00f3n.\u00a0 \u00a0 \u00a0 \u00a0 \u00a0 \u00a0 \u00a0 \u00a0 \u00a0 \u00a0 \u00a0 \u00a0 \u00a0 \u00a0 \u00a0 \u00a0 \u00a0 \u00a0 \u00a0 \u00a0 \u00a0 \u00a0 \u00a0 \u00a0<br>- Lenguaje de especialidad.\u00a0 \u00a0 \u00a0 \u00a0 \u00a0 \u00a0 \u00a0 \u00a0 \u00a0 \u00a0 \u00a0 \u00a0 \u00a0 \u00a0 \u00a0 \u00a0 \u00a0 \u00a0 \u00a0 \u00a0 \u00a0 \u00a0 \u00a0 \u00a0<br>- Comportamiento social, empresarial.\u00a0 \u00a0 \u00a0 \u00a0 \u00a0 \u00a0 \u00a0 \u00a0 \u00a0 \u00a0 \u00a0 \u00a0 \u00a0 \u00a0 \u00a0 \u00a0 \u00a0 \u00a0 \u00a0 \u00a0 \u00a0 \u00a0 \u00a0 \u00a0<br>- Protocolo y ceremonial.\u00a0 \u00a0 \u00a0 \u00a0 \u00a0 \u00a0 \u00a0 \u00a0 \u00a0 \u00a0 \u00a0 \u00a0 \u00a0 \u00a0 \u00a0 \u00a0 \u00a0 \u00a0 \u00a0 \u00a0 \u00a0 \u00a0 \u00a0 \u00a0<br>- Lenguaje de negocios, relaciones profesionales, internacionales.\u00a0 \u00a0 \u00a0 \u00a0 \u00a0 \u00a0 \u00a0 \u00a0 \u00a0 \u00a0 \u00a0 \u00a0 \u00a0 \u00a0 \u00a0 \u00a0 \u00a0 \u00a0 \u00a0 \u00a0 \u00a0 \u00a0 \u00a0 \u00a0<br>- Fon\u00e9tica para profesionales de canto, locuci\u00f3n, comunicaci\u00f3n social.\u00a0 \u00a0 \u00a0 \u00a0 \u00a0 \u00a0 \u00a0 \u00a0 \u00a0 \u00a0 \u00a0 \u00a0 \u00a0 \u00a0 \u00a0 \u00a0 \u00a0 \u00a0 \u00a0 \u00a0 \u00a0 \u00a0 \u00a0 \u00a0<br>- Preparaci\u00f3n de exposici\u00f3n oral.\u00a0 \u00a0 \u00a0 \u00a0 \u00a0 \u00a0 \u00a0 \u00a0 \u00a0 \u00a0 \u00a0 \u00a0 \u00a0 \u00a0 \u00a0 \u00a0 \u00a0 \u00a0 \u00a0 \u00a0 \u00a0 \u00a0 \u00a0 \u00a0<br>- Comunicaci\u00f3n escrita.\u00a0 \u00a0 \u00a0 \u00a0 \u00a0 \u00a0 \u00a0 \u00a0 \u00a0 \u00a0 \u00a0 \u00a0 \u00a0 \u00a0 \u00a0 \u00a0 \u00a0 \u00a0 \u00a0 \u00a0 \u00a0 \u00a0 \u00a0 \u00a0<br>- Redacci\u00f3n de memoria de maestr\u00eda, tesis de doctorado.<br><br><strong>Franc\u00e9s Objetivos Espec\u00edficos - FOS:<\/strong><br><br>- Formaci\u00f3n precisa del idioma sobre un dominio profesional particular.<br>- Incorporaci\u00f3n de base de conocimientos necesarios en situaciones ligadas a un marco determinado.<br>- Desarrollo progresivo de las competencias de comunicaci\u00f3n en lenguaje espec\u00edfico.<br>- Adquisici\u00f3n del saber, del saber-ser, del saber-hacer profesional.<br>- Pr\u00e1ctica del lenguaje t\u00e9cnico.<br>- Ejercicio de las producciones oral y escrita ante situaciones de comunicaci\u00f3n definidas..<br>- Lectura y comprensi\u00f3n de textos.<br><br><strong>Otros:<\/strong><br><br>- Ex\u00e1menes.\u00a0 \u00a0 \u00a0 \u00a0 \u00a0 \u00a0 \u00a0 \u00a0 \u00a0 \u00a0 \u00a0 \u00a0 \u00a0 \u00a0 \u00a0 \u00a0 \u00a0 \u00a0 \u00a0 \u00a0 \u00a0 \u00a0 \u00a0 \u00a0<br>- Clases de apoyo.<br><\/td><\/tr><tr><td><img decoding=\"async\" src=\"https:\/\/bspfrances.com.ar\/sitio\/wp-content\/uploads\/2022\/04\/images-1.jpg\" alt=\"\"><\/td><td><br><strong>Orientaci\u00f3n al perfeccionamiento cient\u00edfico de m\u00e9dicos especialistas en Francia:<\/strong><br><strong>Objetivos especificos pr\u00e1cticos<\/strong><br><br>- Pedagogia acorde al CECR.<br>- Capacitaci\u00f3n por turismo, actividad laboral.<br>- Conversaci\u00f3n.<br>- Enriquecimiento de vocabulario social cotidiano.<br>- Expansi\u00f3n a la civilizaci\u00f3n.<br>- Formaci\u00f3n linguistica integral por cargo FFI, becas AFS - AFSA.<br>- Lenguaje de especialidad, t\u00e9cnico, hospitalario.<br>- Lectura activa e interpretaci\u00f3n de texto, documento.<br>- Comunicaci\u00f3n especializada oral, escrita.<br>- Estructurac\u00f3n de Curriculum Vitae.<br>- Pr\u00e1ctica de entrevista laboral, profesional.<br>- Organizaci\u00f3n de exposici\u00f3n oral.<br>- M\u00e9todo de expresi\u00f3n escrita.<br>- Instrucci\u00f3n de memoria de maestr\u00eda, tesis de doctorado.<br><br><strong>Otros:<\/strong><br><br>- Realizaci\u00f3n normativa de Curriculum Vitae.<br>- Redacci\u00f3n de correspondencia de solicitud de beca.<br>- Referencia informativa de CHU.<br>- Gu\u00eda de tramitaci\u00f3n de beca.<br><\/td><\/tr><\/tbody><\/table><\/figure>\n","protected":false},"excerpt":{"rendered":"<p>Capacitaci\u00f3n pr\u00e1ctica: - Capacitaci\u00f3n por turismo, beca, actividad laboral, profesional.\u00a0- Conversaci\u00f3n.\u00a0 \u00a0 \u00a0 \u00a0 \u00a0 \u00a0 \u00a0 \u00a0 \u00a0 \u00a0 \u00a0 \u00a0 \u00a0 \u00a0 \u00a0 \u00a0 \u00a0 \u00a0 \u00a0 \u00a0 \u00a0 \u00a0 \u00a0 \u00a0- Lenguaje de especialidad.\u00a0 \u00a0 \u00a0 \u00a0 \u00a0 \u00a0 \u00a0 \u00a0 \u00a0 \u00a0 \u00a0 \u00a0 \u00a0 \u00a0 \u00a0 \u00a0 \u00a0 \u00a0 \u00a0 [&hellip;]<\/p>\n","protected":false},"author":1,"featured_media":19,"parent":0,"menu_order":0,"comment_status":"closed","ping_status":"open","template":"","meta":[],"yoast_head":"<!-- This site is optimized with the Yoast SEO plugin v19.11 - https:\/\/yoast.com\/wordpress\/plugins\/seo\/ -->\n<title>FRANC\u00c9S - B. S. P. Franc\u00e9s<\/title>\n<meta name=\"robots\" content=\"index, follow, max-snippet:-1, max-image-preview:large, max-video-preview:-1\" \/>\n<link rel=\"canonical\" href=\"https:\/\/bspfrances.com.ar\/sitio\/\" \/>\n<meta property=\"og:locale\" content=\"es_ES\" \/>\n<meta property=\"og:type\" content=\"article\" \/>\n<meta property=\"og:title\" content=\"FRANC\u00c9S - B. S. P. Franc\u00e9s\" \/>\n<meta property=\"og:description\" content=\"Capacitaci\u00f3n pr\u00e1ctica: - Capacitaci\u00f3n por turismo, beca, actividad laboral, profesional.\u00a0- Conversaci\u00f3n.\u00a0 \u00a0 \u00a0 \u00a0 \u00a0 \u00a0 \u00a0 \u00a0 \u00a0 \u00a0 \u00a0 \u00a0 \u00a0 \u00a0 \u00a0 \u00a0 \u00a0 \u00a0 \u00a0 \u00a0 \u00a0 \u00a0 \u00a0 \u00a0- Lenguaje de especialidad.\u00a0 \u00a0 \u00a0 \u00a0 \u00a0 \u00a0 \u00a0 \u00a0 \u00a0 \u00a0 \u00a0 \u00a0 \u00a0 \u00a0 \u00a0 \u00a0 \u00a0 \u00a0 \u00a0 [&hellip;]\" \/>\n<meta property=\"og:url\" content=\"https:\/\/bspfrances.com.ar\/sitio\/\" \/>\n<meta property=\"og:site_name\" content=\"B. S. P. Franc\u00e9s\" \/>\n<meta property=\"article:modified_time\" content=\"2022-04-27T12:44:19+00:00\" \/>\n<meta property=\"og:image\" content=\"https:\/\/bspfrances.com.ar\/sitio\/wp-content\/uploads\/2022\/04\/images-1.jpg\" \/>\n\t<meta property=\"og:image:width\" content=\"285\" \/>\n\t<meta property=\"og:image:height\" content=\"177\" \/>\n\t<meta property=\"og:image:type\" content=\"image\/jpeg\" \/>\n<meta name=\"twitter:card\" content=\"summary_large_image\" \/>\n<meta name=\"twitter:label1\" content=\"Tiempo de lectura\" \/>\n\t<meta name=\"twitter:data1\" content=\"2 minutos\" \/>\n<script type=\"application\/ld+json\" class=\"yoast-schema-graph\">{\"@context\":\"https:\/\/schema.org\",\"@graph\":[{\"@type\":\"WebPage\",\"@id\":\"https:\/\/bspfrances.com.ar\/sitio\/\",\"url\":\"https:\/\/bspfrances.com.ar\/sitio\/\",\"name\":\"FRANC\u00c9S - B. S. P. Franc\u00e9s\",\"isPartOf\":{\"@id\":\"https:\/\/bspfrances.com.ar\/sitio\/#website\"},\"datePublished\":\"2022-04-06T10:20:36+00:00\",\"dateModified\":\"2022-04-27T12:44:19+00:00\",\"breadcrumb\":{\"@id\":\"https:\/\/bspfrances.com.ar\/sitio\/#breadcrumb\"},\"inLanguage\":\"es\",\"potentialAction\":[{\"@type\":\"ReadAction\",\"target\":[\"https:\/\/bspfrances.com.ar\/sitio\/\"]}]},{\"@type\":\"BreadcrumbList\",\"@id\":\"https:\/\/bspfrances.com.ar\/sitio\/#breadcrumb\",\"itemListElement\":[{\"@type\":\"ListItem\",\"position\":1,\"name\":\"Portada\",\"item\":\"https:\/\/bspfrances.com.ar\/sitio\/\"},{\"@type\":\"ListItem\",\"position\":2,\"name\":\"FRANC\u00c9S\"}]},{\"@type\":\"WebSite\",\"@id\":\"https:\/\/bspfrances.com.ar\/sitio\/#website\",\"url\":\"https:\/\/bspfrances.com.ar\/sitio\/\",\"name\":\"B. S. P. Franc\u00e9s\",\"description\":\"Aprenda Fanc\u00e9s Online\",\"potentialAction\":[{\"@type\":\"SearchAction\",\"target\":{\"@type\":\"EntryPoint\",\"urlTemplate\":\"https:\/\/bspfrances.com.ar\/sitio\/?s={search_term_string}\"},\"query-input\":\"required name=search_term_string\"}],\"inLanguage\":\"es\"}]}<\/script>\n<!-- \/ Yoast SEO plugin. -->","yoast_head_json":{"title":"FRANC\u00c9S - B. S. P. Franc\u00e9s","robots":{"index":"index","follow":"follow","max-snippet":"max-snippet:-1","max-image-preview":"max-image-preview:large","max-video-preview":"max-video-preview:-1"},"canonical":"https:\/\/bspfrances.com.ar\/sitio\/","og_locale":"es_ES","og_type":"article","og_title":"FRANC\u00c9S - B. S. P. Franc\u00e9s","og_description":"Capacitaci\u00f3n pr\u00e1ctica: - Capacitaci\u00f3n por turismo, beca, actividad laboral, profesional.\u00a0- Conversaci\u00f3n.\u00a0 \u00a0 \u00a0 \u00a0 \u00a0 \u00a0 \u00a0 \u00a0 \u00a0 \u00a0 \u00a0 \u00a0 \u00a0 \u00a0 \u00a0 \u00a0 \u00a0 \u00a0 \u00a0 \u00a0 \u00a0 \u00a0 \u00a0 \u00a0- Lenguaje de especialidad.\u00a0 \u00a0 \u00a0 \u00a0 \u00a0 \u00a0 \u00a0 \u00a0 \u00a0 \u00a0 \u00a0 \u00a0 \u00a0 \u00a0 \u00a0 \u00a0 \u00a0 \u00a0 \u00a0 [&hellip;]","og_url":"https:\/\/bspfrances.com.ar\/sitio\/","og_site_name":"B. S. P. Franc\u00e9s","article_modified_time":"2022-04-27T12:44:19+00:00","og_image":[{"width":285,"height":177,"url":"https:\/\/bspfrances.com.ar\/sitio\/wp-content\/uploads\/2022\/04\/images-1.jpg","type":"image\/jpeg"}],"twitter_card":"summary_large_image","twitter_misc":{"Tiempo de lectura":"2 minutos"},"schema":{"@context":"https:\/\/schema.org","@graph":[{"@type":"WebPage","@id":"https:\/\/bspfrances.com.ar\/sitio\/","url":"https:\/\/bspfrances.com.ar\/sitio\/","name":"FRANC\u00c9S - B. S. P. Franc\u00e9s","isPartOf":{"@id":"https:\/\/bspfrances.com.ar\/sitio\/#website"},"datePublished":"2022-04-06T10:20:36+00:00","dateModified":"2022-04-27T12:44:19+00:00","breadcrumb":{"@id":"https:\/\/bspfrances.com.ar\/sitio\/#breadcrumb"},"inLanguage":"es","potentialAction":[{"@type":"ReadAction","target":["https:\/\/bspfrances.com.ar\/sitio\/"]}]},{"@type":"BreadcrumbList","@id":"https:\/\/bspfrances.com.ar\/sitio\/#breadcrumb","itemListElement":[{"@type":"ListItem","position":1,"name":"Portada","item":"https:\/\/bspfrances.com.ar\/sitio\/"},{"@type":"ListItem","position":2,"name":"FRANC\u00c9S"}]},{"@type":"WebSite","@id":"https:\/\/bspfrances.com.ar\/sitio\/#website","url":"https:\/\/bspfrances.com.ar\/sitio\/","name":"B. S. P. Franc\u00e9s","description":"Aprenda Fanc\u00e9s Online","potentialAction":[{"@type":"SearchAction","target":{"@type":"EntryPoint","urlTemplate":"https:\/\/bspfrances.com.ar\/sitio\/?s={search_term_string}"},"query-input":"required name=search_term_string"}],"inLanguage":"es"}]}},"_links":{"self":[{"href":"https:\/\/bspfrances.com.ar\/sitio\/index.php\/wp-json\/wp\/v2\/pages\/2"}],"collection":[{"href":"https:\/\/bspfrances.com.ar\/sitio\/index.php\/wp-json\/wp\/v2\/pages"}],"about":[{"href":"https:\/\/bspfrances.com.ar\/sitio\/index.php\/wp-json\/wp\/v2\/types\/page"}],"author":[{"embeddable":true,"href":"https:\/\/bspfrances.com.ar\/sitio\/index.php\/wp-json\/wp\/v2\/users\/1"}],"replies":[{"embeddable":true,"href":"https:\/\/bspfrances.com.ar\/sitio\/index.php\/wp-json\/wp\/v2\/comments?post=2"}],"version-history":[{"count":18,"href":"https:\/\/bspfrances.com.ar\/sitio\/index.php\/wp-json\/wp\/v2\/pages\/2\/revisions"}],"predecessor-version":[{"id":119,"href":"https:\/\/bspfrances.com.ar\/sitio\/index.php\/wp-json\/wp\/v2\/pages\/2\/revisions\/119"}],"wp:featuredmedia":[{"embeddable":true,"href":"https:\/\/bspfrances.com.ar\/sitio\/index.php\/wp-json\/wp\/v2\/media\/19"}],"wp:attachment":[{"href":"https:\/\/bspfrances.com.ar\/sitio\/index.php\/wp-json\/wp\/v2\/media?parent=2"}],"curies":[{"name":"wp","href":"https:\/\/api.w.org\/{rel}","templated":true}]}}